{"id":3,"date":"2018-10-04T14:28:39","date_gmt":"2018-10-04T14:28:39","guid":{"rendered":"http:\/\/demo2.mr-avtomatika.com\/?page_id=3"},"modified":"2018-11-30T13:23:40","modified_gmt":"2018-11-30T12:23:40","slug":"o-nas","status":"publish","type":"page","link":"https:\/\/www.antela.si\/index.php\/o-nas\/","title":{"rendered":"O nas"},"content":{"rendered":"<p>Podjetje Antela d.o.o. je bilo ustanovljeno leta 2007. Smo proizvajalec higiensko papirne konfekcije oz. t.i. AFH programa in razpolagamo z letno proizvodno kapaciteto preko 24.000 ton. Na\u0161i proizvodi so namenjeni kupcem, kot so bolni\u0161nice, zdravstveni domovi, restavracije, delavnice, tovarne, domovi za starostnike, kozmeti\u010dni saloni, \u010distilni servisi in ostale institucije javnega in zasebnega sektorja.<\/p>\n<p>Smo podjetje, ki od ustanovitve bele\u017ei konstanto rast. Ve\u010dino prodaje izvedemo zunaj Slovenije. Poleg lastne proizvodnje kupcem ponujamo tudi \u0161irok nabor artiklov drugih proizvajalcev. Smo distributer in partner podjetja SHP group ter nekaterih drugih ve\u010djih kot tudi manj\u0161ih proizvajalcev higiensko papirne konfekcije. Pri nas je zato mogo\u010de dobiti vse, kar v svetu papirne konfekcije obstaja, in sicer po zajam\u010deno najugodnej\u0161ih cenah.<\/p>\n<p>Smo v procesu raz\u0161iritve prodajnega programa, v okviru katerega bomo na\u0161im kupcem ponudili \u0161irok nabor v segmentu plasti\u010dnih vre\u010dk, aluminijastih folij, posod za hrano, nakupovalnih vre\u010dk ipd. Z minimalnimi mar\u017eami v teh dodatnih segmentih\u00a0 \u017eelimo vnesti nekaj dinamike v doma\u010do ponudbo in zaokro\u017eiti ponudbo na\u0161im zvestim kupcem.<\/p>\n<p>Stavimo na produktivnost, fleksibilnost in inovativnost. Na\u0161e glavno vodilo so zadovoljni kupci.<\/p>\n","protected":false},"excerpt":{"rendered":"<p>Podjetje Antela d.o.o. je bilo ustanovljeno leta 2007. Smo proizvajalec higiensko papirne konfekcije oz. t.i. AFH programa in razpolagamo z<\/p>\n","protected":false},"author":1,"featured_media":0,"parent":0,"menu_order":0,"comment_status":"closed","ping_status":"open","template":"","meta":{"footnotes":""},"class_list":["post-3","page","type-page","status-publish","hentry"],"yoast_head":"<!-- This site is optimized with the Yoast SEO plugin v23.1 - https:\/\/yoast.com\/wordpress\/plugins\/seo\/ -->\n<title>Antela - O nas<\/title>\n<meta name=\"robots\" content=\"index, follow, max-snippet:-1, max-image-preview:large, max-video-preview:-1\" \/>\n<link rel=\"canonical\" href=\"https:\/\/www.antela.si\/index.php\/o-nas\/\" \/>\n<meta property=\"og:locale\" content=\"sl_SI\" \/>\n<meta property=\"og:type\" content=\"article\" \/>\n<meta property=\"og:title\" content=\"Antela - O nas\" \/>\n<meta property=\"og:description\" content=\"Podjetje Antela d.o.o. je bilo ustanovljeno leta 2007. Smo proizvajalec higiensko papirne konfekcije oz. t.i. AFH programa in razpolagamo z\" \/>\n<meta property=\"og:url\" content=\"https:\/\/www.antela.si\/index.php\/o-nas\/\" \/>\n<meta property=\"article:modified_time\" content=\"2018-11-30T12:23:40+00:00\" \/>\n<meta name=\"twitter:card\" content=\"summary_large_image\" \/>\n<meta name=\"twitter:label1\" content=\"Est. reading time\" \/>\n\t<meta name=\"twitter:data1\" content=\"1 minuta\" \/>\n<script type=\"application\/ld+json\" class=\"yoast-schema-graph\">{\"@context\":\"https:\/\/schema.org\",\"@graph\":[{\"@type\":\"WebPage\",\"@id\":\"https:\/\/www.antela.si\/index.php\/o-nas\/\",\"url\":\"https:\/\/www.antela.si\/index.php\/o-nas\/\",\"name\":\"Antela - O nas\",\"isPartOf\":{\"@id\":\"https:\/\/www.antela.si\/#website\"},\"datePublished\":\"2018-10-04T14:28:39+00:00\",\"dateModified\":\"2018-11-30T12:23:40+00:00\",\"breadcrumb\":{\"@id\":\"https:\/\/www.antela.si\/index.php\/o-nas\/#breadcrumb\"},\"inLanguage\":\"sl-SI\",\"potentialAction\":[{\"@type\":\"ReadAction\",\"target\":[\"https:\/\/www.antela.si\/index.php\/o-nas\/\"]}]},{\"@type\":\"BreadcrumbList\",\"@id\":\"https:\/\/www.antela.si\/index.php\/o-nas\/#breadcrumb\",\"itemListElement\":[{\"@type\":\"ListItem\",\"position\":1,\"name\":\"Home\",\"item\":\"https:\/\/www.antela.si\/\"},{\"@type\":\"ListItem\",\"position\":2,\"name\":\"O nas\"}]},{\"@type\":\"WebSite\",\"@id\":\"https:\/\/www.antela.si\/#website\",\"url\":\"https:\/\/www.antela.si\/\",\"name\":\"Antela \u2013 Papirna konfekcija\",\"description\":\"Antela - Papirna konfekcija\",\"publisher\":{\"@id\":\"https:\/\/www.antela.si\/#organization\"},\"potentialAction\":[{\"@type\":\"SearchAction\",\"target\":{\"@type\":\"EntryPoint\",\"urlTemplate\":\"https:\/\/www.antela.si\/?s={search_term_string}\"},\"query-input\":\"required name=search_term_string\"}],\"inLanguage\":\"sl-SI\"},{\"@type\":\"Organization\",\"@id\":\"https:\/\/www.antela.si\/#organization\",\"name\":\"antela d.o.o.\",\"url\":\"https:\/\/www.antela.si\/\",\"logo\":{\"@type\":\"ImageObject\",\"inLanguage\":\"sl-SI\",\"@id\":\"https:\/\/www.antela.si\/#\/schema\/logo\/image\/\",\"url\":\"https:\/\/www.antela.si\/wp-content\/uploads\/2018\/Logo\/logo2.png\",\"contentUrl\":\"https:\/\/www.antela.si\/wp-content\/uploads\/2018\/Logo\/logo2.png\",\"width\":182,\"height\":90,\"caption\":\"antela d.o.o.\"},\"image\":{\"@id\":\"https:\/\/www.antela.si\/#\/schema\/logo\/image\/\"}}]}<\/script>\n<!-- \/ Yoast SEO plugin. -->","yoast_head_json":{"title":"Antela - O nas","robots":{"index":"index","follow":"follow","max-snippet":"max-snippet:-1","max-image-preview":"max-image-preview:large","max-video-preview":"max-video-preview:-1"},"canonical":"https:\/\/www.antela.si\/index.php\/o-nas\/","og_locale":"sl_SI","og_type":"article","og_title":"Antela - O nas","og_description":"Podjetje Antela d.o.o. je bilo ustanovljeno leta 2007. Smo proizvajalec higiensko papirne konfekcije oz. t.i. AFH programa in razpolagamo z","og_url":"https:\/\/www.antela.si\/index.php\/o-nas\/","article_modified_time":"2018-11-30T12:23:40+00:00","twitter_card":"summary_large_image","twitter_misc":{"Est. reading time":"1 minuta"},"schema":{"@context":"https:\/\/schema.org","@graph":[{"@type":"WebPage","@id":"https:\/\/www.antela.si\/index.php\/o-nas\/","url":"https:\/\/www.antela.si\/index.php\/o-nas\/","name":"Antela - O nas","isPartOf":{"@id":"https:\/\/www.antela.si\/#website"},"datePublished":"2018-10-04T14:28:39+00:00","dateModified":"2018-11-30T12:23:40+00:00","breadcrumb":{"@id":"https:\/\/www.antela.si\/index.php\/o-nas\/#breadcrumb"},"inLanguage":"sl-SI","potentialAction":[{"@type":"ReadAction","target":["https:\/\/www.antela.si\/index.php\/o-nas\/"]}]},{"@type":"BreadcrumbList","@id":"https:\/\/www.antela.si\/index.php\/o-nas\/#breadcrumb","itemListElement":[{"@type":"ListItem","position":1,"name":"Home","item":"https:\/\/www.antela.si\/"},{"@type":"ListItem","position":2,"name":"O nas"}]},{"@type":"WebSite","@id":"https:\/\/www.antela.si\/#website","url":"https:\/\/www.antela.si\/","name":"Antela \u2013 Papirna konfekcija","description":"Antela - Papirna konfekcija","publisher":{"@id":"https:\/\/www.antela.si\/#organization"},"potentialAction":[{"@type":"SearchAction","target":{"@type":"EntryPoint","urlTemplate":"https:\/\/www.antela.si\/?s={search_term_string}"},"query-input":"required name=search_term_string"}],"inLanguage":"sl-SI"},{"@type":"Organization","@id":"https:\/\/www.antela.si\/#organization","name":"antela d.o.o.","url":"https:\/\/www.antela.si\/","logo":{"@type":"ImageObject","inLanguage":"sl-SI","@id":"https:\/\/www.antela.si\/#\/schema\/logo\/image\/","url":"https:\/\/www.antela.si\/wp-content\/uploads\/2018\/Logo\/logo2.png","contentUrl":"https:\/\/www.antela.si\/wp-content\/uploads\/2018\/Logo\/logo2.png","width":182,"height":90,"caption":"antela d.o.o."},"image":{"@id":"https:\/\/www.antela.si\/#\/schema\/logo\/image\/"}}]}},"_links":{"self":[{"href":"https:\/\/www.antela.si\/index.php\/wp-json\/wp\/v2\/pages\/3"}],"collection":[{"href":"https:\/\/www.antela.si\/index.php\/wp-json\/wp\/v2\/pages"}],"about":[{"href":"https:\/\/www.antela.si\/index.php\/wp-json\/wp\/v2\/types\/page"}],"author":[{"embeddable":true,"href":"https:\/\/www.antela.si\/index.php\/wp-json\/wp\/v2\/users\/1"}],"replies":[{"embeddable":true,"href":"https:\/\/www.antela.si\/index.php\/wp-json\/wp\/v2\/comments?post=3"}],"version-history":[{"count":3,"href":"https:\/\/www.antela.si\/index.php\/wp-json\/wp\/v2\/pages\/3\/revisions"}],"predecessor-version":[{"id":50,"href":"https:\/\/www.antela.si\/index.php\/wp-json\/wp\/v2\/pages\/3\/revisions\/50"}],"wp:attachment":[{"href":"https:\/\/www.antela.si\/index.php\/wp-json\/wp\/v2\/media?parent=3"}],"curies":[{"name":"wp","href":"https:\/\/api.w.org\/{rel}","templated":true}]}}

<p>Podjetje Antela d.o.o. je bilo ustanovljeno leta 2007. Smo proizvajalec higiensko papirne konfekcije oz. t.i. AFH programa in razpolagamo z letno proizvodno kapaciteto preko 24.000 ton. Naši proizvodi so namenjeni kupcem, kot so bolnišnice, zdravstveni domovi, restavracije, delavnice, tovarne, domovi za starostnike, kozmetični saloni, čistilni servisi in ostale institucije javnega in zasebnega sektorja.</p>
<p>Smo podjetje, ki od ustanovitve beleži konstanto rast. Večino prodaje izvedemo zunaj Slovenije. Poleg lastne proizvodnje kupcem ponujamo tudi širok nabor artiklov drugih proizvajalcev. Smo distributer in partner podjetja SHP group ter nekaterih drugih večjih kot tudi manjših proizvajalcev higiensko papirne konfekcije. Pri nas je zato mogoče dobiti vse, kar v svetu papirne konfekcije obstaja, in sicer po zajamčeno najugodnejših cenah.</p>
<p>Smo v procesu razširitve prodajnega programa, v okviru katerega bomo našim kupcem ponudili širok nabor v segmentu plastičnih vrečk, aluminijastih folij, posod za hrano, nakupovalnih vrečk ipd. Z minimalnimi maržami v teh dodatnih segmentih  želimo vnesti nekaj dinamike v domačo ponudbo in zaokrožiti ponudbo našim zvestim kupcem.</p>
<p>Stavimo na produktivnost, fleksibilnost in inovativnost. Naše glavno vodilo so zadovoljni kupci.</p>
